 when j is divided by 9.
7
Let g be 3/(9/24) - 0. Calculate the remainder when (-2)/g*(-403 - 9) is divided by 26.
25
Suppose -54 = -6*j + 9*j. Let c be j*(-1 + 5)/(-12). Suppose 2*s - c*s = -56. Calculate the remainder when 54 is divided by s.
12
Let t = 145 + -65. Let u = -4 + t. Suppose 0 = -2*d - 5*p + 66, -5*d + u = -2*d - 4*p. Calculate the remainder when 82 is divided by d.
26
Let m(g) = -g**3 - g**2 + g + 2. Suppose s = 2*s. Let j be m(s). What is the remainder when 90 is divided by (2 - 4)/(j/(-31))?
28
Suppose 0 = -2*d + 8, -6*d + d = -2*u + 22. Suppose -u + 69 = 3*y. Suppose -4*f = 4 - 40. Calculate the remainder when y is divided by f.
7
Let s(p) = 3*p + 6. Let d be s(19). Suppose 45 = 6*w - d. Calculate the remainder when 70 is divided by w.
16
Let w(k) = k**3 + 15*k**2 - 7*k - 91. What is the remainder when w(-6) is divided by 87?
14
Let p(m) = -m + 22. What is the remainder when 107 is divided by p(13)?
8
Let q(c) = 2*c - 6. Suppose 5*o - 4 = 21. Let h be q(o). Suppose -5*w + 339 = 4*b - 105, 555 = 5*b - h*w. What is the remainder when b is divided by 28?
27
What is the remainder when ((-2)/(-10))/(10/3350) is divided by 10?
7
Suppose -2*b + 3*a = -a - 90, a - 142 = -3*b. Suppose -232 = 14*f - 18*f. Let d = f - 33. What is the remainder when b is divided by d?
22
Let x = 246 + -146. What is the remainder when 1398 is divided by x?
98
What is the remainder when (-72)/(-108) + (-280)/(-3) is divided by 29?
7
Suppose 172 + 20 = 16*q. Let w = 59 + -34. Let y = w - q. Calculate the remainder when 49 is divided by y.
10
Let n(c) = 24*c + 43. What is the remainder when n(6) is divided by 10?
7
Let p(x) = -22*x - 22. Let b be p(5). Calculate the remainder when -5*7/(140/b) is divided by 9.
6
Suppose 0 = -c - 4*c - 4*d + 75, 4*d = 0. Let m be (2/(-4))/(44/24 - 2). Suppose -4*a = -m*a - 6. Calculate the remainder when c is divided by a.
3
Let g be 14/(-21)*(-6)/4. Calculate the remainder when g/1 + (-4 - -18) is divided by (0 - 3)/((-5)/15).
6
Let a(w) = -2*w**2 - 2*w + 64. Calculate the remainder when 380 is divided by a(0).
60
Let z = 17 + -13. Calculate the remainder when 6 is divided by 0 + ((-24)/(-3) - z).
2
Let a(y) = -8*y**2 + 3*y - 2. Let d(k) = k**2 - k + 1. Let t(m) = -a(m) - 5*d(m). What is the remainder when t(-3) is divided by 10?
8
Suppose -5*o + 3*l + 39 = 0, -l = 5*o - 8*o + 21. Let t = -38 - -66. Calculate the remainder when t is divided by o.
4
Suppose -3*r + v = -25, -3*v - v = 4*r - 60. What is the remainder when 219 is divided by r?
9
What is the remainder when 76 is divided by -3 - ((-228)/(-6))/(-2)?
12
Suppose -83*t + 98*t = 150. Calculate the remainder when t is divided by 8.
2
Let q = 36 - 16. Calculate the remainder when ((-395 + -4)/(-7))/(9/6) is divided by q.
18
Let q = -130 - -78. Let f = q - -75. What is the remainder when 43 is divided by f?
20
Let s = -6 - -9. Suppose s*q - 2*x = 2*x + 61, -3*x + 3 = q. Suppose 2*n - 3*f - 10 = -5*f, 3*n = -5*f + 7. Calculate the remainder when q is divided by n.
6
Let m(q) = 3 - 1 - 33*q + 9. Let o be m(-8). Suppose -o = -5*g - 2*n, -6*g + g - 5*n + 260 = 0. What is the remainder when g is divided by 20?
17
Let a = -9352 + 9363. Calculate the remainder when ((-3)/2)/(9/(-96)) is divided by a.
5
Suppose -2*x - 1 = 2*u + 1, -2*x - 4*u = 8. Suppose -3*o = -5 - 13. Calculate the remainder when ((-23)/(-2))/(1/x) is divided by o.
5
Suppose 5*l - 5*j - 150 = 200, -3*l + 5*j + 204 = 0. What is the remainder when 159 is divided by l?
13
Suppose 0 = p - 4*u - 48, 2*p - 177 = -3*p - u. Suppose 0*j + 2*q = j - 56, 0 = 5*j + 4*q - 252. Let m = j - p. Calculate the remainder when 31 is divided by m.
15
Suppose 4*z = -5*t + 63, 5*t - 4*z + 13 = 60. What is the remainder when t is divided by 5?
1
Suppose -3*q + 126 = -5*q. Let n = q - -122. Calculate the remainder when n is divided by 15.
14
Suppose -4*r + 1901 + 1416 = l, 4*l - 818 = -r. Calculate the remainder when r is divided by 17.
14
Suppose 0 = -0*g - g - 3*m - 19, -5*g + 4*m = 0. Let u(s) = s**2 + 10. Calculate the remainder when u(g) is divided by 9.
8
Suppose 7 = s - 15. Let o = -137 + 224. Calculate the remainder when o is divided by s.
21
Let h(v) be the second derivative of 5*v**3/6 - 5*v. Let g(d) = 9*d. Let x(c) = 3*g(c) - 5*h(c). Calculate the remainder when 17 is divided by x(5).
7
Let n be ((-24)/(-16))/((-2)/16). Let t = n + 14. Suppose -t*p + 54 = 2*p + 2*a, 0 = a - 3. Calculate the remainder when 47 is divided by p.
11
Let v(p) = 40*p + 2. Let d(o) = 7*o**2 - 8*o + 3. What is the remainder when v(2) is divided by d(3)?
40
Let l(f) = -23*f + 108. Let x(g) = -8*g + 36. Let v(i) = -3*l(i) + 8*x(i). What is the remainder when v(16) is divided by 15?
14
Let v(s) = 2*s**2 - 3*s + 1. Let z be v(3). Let m = -11 + z. What is the remainder when 17 is divided by (m/(-3))/((-2)/(-36))?
5
Let j = -13 - -5. Let k = j - -25. Suppose -4*r + 2*d = -0*d - 4, -2*d = -5*r + 7. What is the remainder when k is divided by r?
2
Suppose -3*w - 27 = -4*d, -5*w - 1 - 18 = 2*d. Suppose -4*j - 3*t + 213 = 0, -d*t = t + 4. What is the remainder when j is divided by 14?
12
What is the remainder when 332 is divided by 15392/222 - 2/(-3)?
52
Suppose -2373 = 8*y - 2429. Calculate the remainder when 2/6 + (-232)/(-6) is divided by y.
4
Let b(v) = 3*v**2 + 59*v + 7. What is the remainder when 268 is divided by b(-20)?
25
Let b(x) = -x - 2. Let n be -2 + -6*2/3. Let l be b(n). Suppose 5*y - 80 = -z - 2, 0 = l*y - z - 57. What is the remainder when 42 is divided by y?
12
Suppose 19*h + 36 = 13*h. Calculate the remainder when 8 is divided by (-12)/h + (3 - 0).
3
Suppose -3*l = l - 24. Let u be ((-4)/l)/(6/(-117)). Calculate the remainder when (-4 - 0)*u/(-2) is divided by 7.
5
Let o(d) = d**3 - 35*d**2 - 70*d - 78. What is the remainder when o(37) is divided by 28?
14
Let u = -209 - -144. Let c = u + 127. What is the remainder when c is divided by 21?
20
What is the remainder when 175 is divided by 1/(5/(-15)) + 24 - 5?
15
Suppose -16*v - 50 = -15*v. Let f = v - -75. Let w = f - 21. What is the remainder when w is divided by 2?
0
Let b(a) = 5*a + 61. What is the remainder when b(-3) is divided by 43?
3
Let v = -52 - -89. What is the remainder when 848 is divided by v?
34
Let a = 12 + -11. Suppose a = -2*i + i + 4*p, i + 5*p = 17. What is the remainder when i is divided by 2?
1
Suppose -6*i + 105 + 39 = 0. Let u = -13 + i. What is the remainder when 107 is divided by u?
8
Suppose -3*g = 5*m - 88, 3*m + 5*g - 60 = -m. Calculate the remainder when m is divided by 8.
4
Suppose -p + 13 = -4. Suppose 2*t = 5*f - 2 - 8, 0 = f. Calculate the remainder when (-12)/t*(-100)/(-8) is divided by p.
13
Suppose 6*z - 2*z - 4*k - 1900 = 0, 4*k - 974 = -2*z. Calculate the remainder when z is divided by 40.
39
Suppose -o - 4 = -5*r + r, 5*r - 5 = -3*o. Let a = -18 - -18. Suppose -3*h = t - a*t - 7, o = -h - t + 1. What is the remainder when 3 is divided by h?
0
Let a be 1 + (-1 - 1) + 11. Suppose a + 2 = 3*o. Suppose -q - 18 = -o*q. Calculate the remainder when 28 is divided by q.
4
Suppose 3*v + 2*x - 119 = x, -3*x = -3*v + 135. Calculate the remainder when -10 + 7 + (-248)/(-2) is divided by v.
39
Let n = 6 + 39. Suppose m - 21 = 10*a - 6*a, -n = -2*m + 5*a. Suppose -4*y + 33 = 4*j - 3*y, -2*j + 39 = 5*y. Calculate the remainder when m is divided by j.
4
Let u(y) = y**2 + 6*y - 61. What is the remainder when u(10) is divided by 30?
9
What is the remainder when (-3 - -1)*(-3 - (-49)/(-2)) is divided by 24?
7
Suppose -27 = -3*r + 111. Suppose 32*g - 579 - 189 = 0. What is the remainder when r is divided by g?
22
Suppose 11*m - 6*m = 160. What is the remainder when 94 is divided by m?
30
Let z be -1 - -5 - (50 - -1). Let s = -80 - z. What is the remainder when 22 is divided by 2/(-11) - 204/s?
4
Let l be (-3 + (-17)/(-5))*35. Let m be l*-2*(-6)/(-8). Let s = m - -31. What is the remainder when 17 is divided by s?
7
Suppose 0 = -50*w + 16*w + 782. Suppose v - 4*o + 2 + 0 = 0, 2*v = -2*o + 26. What is the remainder when w is divided by v?
3
Suppose 5*a - 2*a = 0. Suppose -5*m + 93 = -4*o - 0*o, -o + 3 = a. Calculate the remainder when m is divided by 0 - 6/2 - (-85)/((-3315)/(-546)).
10
Suppose 22 - 32 = 5*x. What is the remainder when 42 is divided by 11*2/x*(-1 + 0)?